{"id":2334,"date":"2020-11-08T16:44:58","date_gmt":"2020-11-08T13:44:58","guid":{"rendered":"https:\/\/aydinaydin.net\/?page_id=2334"},"modified":"2020-11-14T22:26:04","modified_gmt":"2020-11-14T19:26:04","slug":"idare-ve-vergi-hukuku","status":"publish","type":"page","link":"https:\/\/aydinaydin.net\/services\/idare-ve-vergi-hukuku\/","title":{"rendered":"\u0130dare ve Vergi Hukuku"},"content":{"rendered":"<p>[vc_row el_class=&#8221;sdlists&#8221;][vc_column][vc_column_text]Ayd\u0131n &amp; Ayd\u0131n, farkl\u0131 sekt\u00f6rlerde T\u00fcrkiye&#8217;nin \u00f6nc\u00fcs\u00fc konumunda olan m\u00fcvekkillerinin \u00e7e\u015fitli idareler ile uyu\u015fmazl\u0131klar\u0131n\u0131n \u00e7\u00f6z\u00fcm\u00fc ve t\u00fcm vergi ihtilaflar\u0131n\u0131n giderilmesi hususunda geni\u015f birikim edinmi\u015f ve bu alanlarda uzmanla\u015fm\u0131\u015ft\u0131r.[\/vc_column_text][vc_text_separator title=&#8221;\u0130dare ve Vergi Hukuku Alan\u0131nda Verdi\u011fimiz Hizmetlerden Baz\u0131lar\u0131&#8221;][vc_column_text]<\/p>\n<ul>\n<li>Her t\u00fcrl\u00fc idari \u00a0ba\u015fvuru ve itirazlar\u0131n yap\u0131lmas\u0131<\/li>\n<li>\u0130dari yollar\u0131n \u00a0t\u00fcketilmesi ve uzla\u015fma i\u015flemlerinin takibi<\/li>\n<li>Dava takibi ve \u00a0uyu\u015fmazl\u0131klar\u0131n \u00e7\u00f6z\u00fcm\u00fc<\/li>\n<li>G\u00fcmr\u00fck \u00a0mevzuat\u0131ndan ve di\u011fer idari cezalar ile vergi su\u00e7 ve cezalar\u0131ndan kaynaklanan problemlerin \u00e7\u00f6z\u00fcm\u00fc<\/li>\n<\/ul>\n<p>[\/vc_column_text][\/vc_column][\/vc_row]<\/p>\n","protected":false},"excerpt":{"rendered":"<p>[vc_row el_class=&#8221;sdlists&#8221;][vc_column][vc_column_text]Ayd\u0131n &amp; Ayd\u0131n, farkl\u0131 sekt\u00f6rlerde T\u00fcrkiye&#8217;nin \u00f6nc\u00fcs\u00fc konumunda olan m\u00fcvekkillerinin \u00e7e\u015fitli idareler ile uyu\u015fmazl\u0131klar\u0131n\u0131n \u00e7\u00f6z\u00fcm\u00fc ve t\u00fcm vergi ihtilaflar\u0131n\u0131n giderilmesi hususunda geni\u015f birikim edinmi\u015f ve bu alanlarda uzmanla\u015fm\u0131\u015ft\u0131r.[\/vc_column_text][vc_text_separator title=&#8221;\u0130dare ve Vergi Hukuku Alan\u0131nda Verdi\u011fimiz Hizmetlerden Baz\u0131lar\u0131&#8221;][vc_column_text] Her&#8230;<\/p>\n","protected":false},"author":3,"featured_media":0,"parent":1817,"menu_order":0,"comment_status":"closed","ping_status":"closed","template":"template-parts\/tmp-page-leftsidebar.php","meta":[],"_links":{"self":[{"href":"https:\/\/aydinaydin.net\/api\/wp\/v2\/pages\/2334"}],"collection":[{"href":"https:\/\/aydinaydin.net\/api\/wp\/v2\/pages"}],"about":[{"href":"https:\/\/aydinaydin.net\/api\/wp\/v2\/types\/page"}],"author":[{"embeddable":true,"href":"https:\/\/aydinaydin.net\/api\/wp\/v2\/users\/3"}],"replies":[{"embeddable":true,"href":"https:\/\/aydinaydin.net\/api\/wp\/v2\/comments?post=2334"}],"version-history":[{"count":0,"href":"https:\/\/aydinaydin.net\/api\/wp\/v2\/pages\/2334\/revisions"}],"up":[{"embeddable":true,"href":"https:\/\/aydinaydin.net\/api\/wp\/v2\/pages\/1817"}],"wp:attachment":[{"href":"https:\/\/aydinaydin.net\/api\/wp\/v2\/media?parent=2334"}],"curies":[{"name":"wp","href":"https:\/\/api.w.org\/{rel}","templated":true}]}}

İdare ve Vergi Hukuku

<p>[vc_row el_class=&#8221;sdlists&#8221;][vc_column][vc_column_text]Aydın &amp; Aydın, farklı sektörlerde Türkiye&#8217;nin öncüsü konumunda olan müvekkillerinin çeşitli idareler ile uyuşmazlıklarının çözümü ve tüm vergi ihtilaflarının giderilmesi hususunda geniş birikim edinmiş ve bu alanlarda uzmanlaşmıştır.[/vc_column_text][vc_text_separator title=&#8221;İdare ve Vergi Hukuku Alanında Verdiğimiz Hizmetlerden Bazıları&#8221;][vc_column_text]</p>
<ul>
<li>Her türlü idari  başvuru ve itirazların yapılması</li>
<li>İdari yolların  tüketilmesi ve uzlaşma işlemlerinin takibi</li>
<li>Dava takibi ve  uyuşmazlıkların çözümü</li>
<li>Gümrük  mevzuatından ve diğer idari cezalar ile vergi suç ve cezalarından kaynaklanan problemlerin çözümü</li>
</ul>
<p>[/vc_column_text][/vc_column][/vc_row]</p>

<p>[vc_row el_class=&#8221;sdlists&#8221;][vc_column][vc_column_text]Aydın &amp; Aydın, farklı sektörlerde Türkiye&#8217;nin öncüsü konumunda olan müvekkillerinin çeşitli idareler ile uyuşmazlıklarının çözümü ve tüm vergi ihtilaflarının giderilmesi hususunda geniş birikim edinmiş ve bu alanlarda uzmanlaşmıştır.[/vc_column_text][vc_text_separator title=&#8221;İdare ve Vergi Hukuku Alanında Verdiğimiz Hizmetlerden Bazıları&#8221;][vc_column_text] Her&#8230;</p>
