{"id":2530,"date":"2020-11-10T20:02:36","date_gmt":"2020-11-10T17:02:36","guid":{"rendered":"https:\/\/aydinaydin.net\/?page_id=2530"},"modified":"2020-11-14T22:26:04","modified_gmt":"2020-11-14T19:26:04","slug":"girisim-sermayesi-yatirimlari","status":"publish","type":"page","link":"https:\/\/aydinaydin.net\/services\/girisim-sermayesi-yatirimlari\/","title":{"rendered":"Giri\u015fim Sermayesi Yat\u0131r\u0131mlar\u0131"},"content":{"rendered":"<p>[vc_row el_class=&#8221;sdlists&#8221;][vc_column][vc_column_text]<\/p>\n<p class=\"abril\">Giri\u015fim Sermayesi Yat\u0131r\u0131mlar\u0131 Departman\u0131, Ayd\u0131n &amp; Ayd\u0131n Hukuk B\u00fcrosu alt\u0131nda yaln\u0131zca kendisini bu alana adanm\u0131\u015f \u00e7al\u0131\u015fan bir tak\u0131md\u0131r.<\/p>\n<p class=\"abril\">Bu sebeple, giri\u015fim sermayesi yat\u0131r\u0131mlar\u0131 alan\u0131na \u00f6zg\u00fc uzmanl\u0131k gerektiren bilginin derlenmi\u015f bi\u00e7imde bulundu\u011fu, \u00fclkemizdeki ender \u00e7al\u0131\u015fma gruplar\u0131ndan birisi olma \u00f6zelli\u011fini ta\u015f\u0131maktad\u0131r.<\/p>\n<p class=\"abril\">Ayd\u0131n &amp; Ayd\u0131n, temel olarak ilgili faaliyetleri kapsam\u0131nda giri\u015fim sermayesi fonu ve melek yat\u0131r\u0131mc\u0131 m\u00fcvekkillerinin yat\u0131r\u0131mlar\u0131n\u0131 sorunsuz ger\u00e7ekle\u015ftirmelerini sa\u011flamak \u00fczere t\u00fcm hukuk s\u00fcre\u00e7lerini idare etmektedir.<\/p>\n<p class=\"abril\">Fonlar\u0131n kurulu\u015f safhalar\u0131na ili\u015fkin dan\u0131\u015fmanl\u0131k da dahil olmak \u00fczere, m\u00fcvekkillerimizin \u00f6zellikle yat\u0131r\u0131m s\u00fcre\u00e7lerinde ihtiya\u00e7 duyduklar\u0131 t\u00fcm s\u00f6zle\u015fmelerin haz\u0131rlanmas\u0131 ve m\u00fczakerelerinin y\u00fcr\u00fct\u00fclmesi temel i\u015ftigal alan\u0131m\u0131z\u0131 olu\u015fturmaktad\u0131r.<\/p>\n<p>[\/vc_column_text][vc_text_separator title=&#8221;Bu kapsamda a\u015fa\u011f\u0131daki hizmetler, bunlarla s\u0131n\u0131rl\u0131 olmamak \u00fczere b\u00fcromuz taraf\u0131ndan giri\u015fim sermayesi yat\u0131r\u0131mc\u0131lar\u0131na sa\u011flanmaktad\u0131r:&#8221;][vc_column_text]<\/p>\n<ul>\n<li>M\u00fcvekkile \u00f6zel tasarlanacak, yat\u0131r\u0131m faaliyetleri i\u00e7in gerekli bilumum standart dok\u00fcmantasyonun haz\u0131rlanmas\u0131,<\/li>\n<li>Birlikte yat\u0131r\u0131m veya ba\u015fka bir lider yat\u0131r\u0131mc\u0131 alt\u0131nda yat\u0131r\u0131ma girme halinde \u00fc\u00e7\u00fcnc\u00fc ki\u015filerden gelen s\u00f6zle\u015fmelerin revize edilmesi,<\/li>\n<li>\u0130lgili yat\u0131r\u0131m i\u015flemleri boyunca ve \u00f6ncesinde gerekebilecek hukuki incelemelerin (due diligence) y\u00fcr\u00fct\u00fclmesi ve<\/li>\n<li>Yat\u0131r\u0131m s\u00f6zle\u015fmelerinin haz\u0131rlanmas\u0131, m\u00fczakere ve revize edilmesi ile kapan\u0131\u015f s\u00fcre\u00e7lerinin y\u00fcr\u00fct\u00fclmesi i\u015fleri.<\/li>\n<\/ul>\n<p>[\/vc_column_text][vc_column_text]<\/p>\n<p class=\"abril\">Say\u0131lanlara ek olarak Aksan, hukukun her alan\u0131nda hizmet sa\u011flayabilen yap\u0131s\u0131 sayesinde yat\u0131r\u0131m sonras\u0131 evrede de portf\u00f6y \u015firketlerine ili\u015fkin s\u00fcre\u00e7lerde gerekebilecek A&#8217;dan Z&#8217;ye t\u00fcm hukuk ihtiya\u00e7lar\u0131n\u0131 kar\u015f\u0131layabilmektedir.<\/p>\n<p class=\"abril\">Departman genel i\u015f bilgeli\u011fini korumak amac\u0131yla her daim birka\u00e7 giri\u015fimi de m\u00fcvekkil portf\u00f6y\u00fc i\u00e7erisinde tutmakta, b\u00f6ylece genel olarak i\u015fi ve kar\u015f\u0131l\u0131kl\u0131 beklentileri her daim do\u011fru okuyabilmeyi hedeflemektedir.<\/p>\n<p>[\/vc_column_text][\/vc_column][\/vc_row]<\/p>\n","protected":false},"excerpt":{"rendered":"<p>[vc_row el_class=&#8221;sdlists&#8221;][vc_column][vc_column_text] Giri\u015fim Sermayesi Yat\u0131r\u0131mlar\u0131 Departman\u0131, Ayd\u0131n &amp; Ayd\u0131n Hukuk B\u00fcrosu alt\u0131nda yaln\u0131zca kendisini bu alana adanm\u0131\u015f \u00e7al\u0131\u015fan bir tak\u0131md\u0131r. Bu sebeple, giri\u015fim sermayesi yat\u0131r\u0131mlar\u0131 alan\u0131na \u00f6zg\u00fc uzmanl\u0131k gerektiren bilginin derlenmi\u015f bi\u00e7imde bulundu\u011fu, \u00fclkemizdeki ender \u00e7al\u0131\u015fma gruplar\u0131ndan birisi&#8230;<\/p>\n","protected":false},"author":3,"featured_media":0,"parent":1817,"menu_order":0,"comment_status":"closed","ping_status":"closed","template":"template-parts\/tmp-page-leftsidebar.php","meta":[],"_links":{"self":[{"href":"https:\/\/aydinaydin.net\/api\/wp\/v2\/pages\/2530"}],"collection":[{"href":"https:\/\/aydinaydin.net\/api\/wp\/v2\/pages"}],"about":[{"href":"https:\/\/aydinaydin.net\/api\/wp\/v2\/types\/page"}],"author":[{"embeddable":true,"href":"https:\/\/aydinaydin.net\/api\/wp\/v2\/users\/3"}],"replies":[{"embeddable":true,"href":"https:\/\/aydinaydin.net\/api\/wp\/v2\/comments?post=2530"}],"version-history":[{"count":0,"href":"https:\/\/aydinaydin.net\/api\/wp\/v2\/pages\/2530\/revisions"}],"up":[{"embeddable":true,"href":"https:\/\/aydinaydin.net\/api\/wp\/v2\/pages\/1817"}],"wp:attachment":[{"href":"https:\/\/aydinaydin.net\/api\/wp\/v2\/media?parent=2530"}],"curies":[{"name":"wp","href":"https:\/\/api.w.org\/{rel}","templated":true}]}}

Girişim Sermayesi Yatırımları

<p>[vc_row el_class=&#8221;sdlists&#8221;][vc_column][vc_column_text]</p>
<p class="abril">Girişim Sermayesi Yatırımları Departmanı, Aydın &amp; Aydın Hukuk Bürosu altında yalnızca kendisini bu alana adanmış çalışan bir takımdır.</p>
<p class="abril">Bu sebeple, girişim sermayesi yatırımları alanına özgü uzmanlık gerektiren bilginin derlenmiş biçimde bulunduğu, ülkemizdeki ender çalışma gruplarından birisi olma özelliğini taşımaktadır.</p>
<p class="abril">Aydın &amp; Aydın, temel olarak ilgili faaliyetleri kapsamında girişim sermayesi fonu ve melek yatırımcı müvekkillerinin yatırımlarını sorunsuz gerçekleştirmelerini sağlamak üzere tüm hukuk süreçlerini idare etmektedir.</p>
<p class="abril">Fonların kuruluş safhalarına ilişkin danışmanlık da dahil olmak üzere, müvekkillerimizin özellikle yatırım süreçlerinde ihtiyaç duydukları tüm sözleşmelerin hazırlanması ve müzakerelerinin yürütülmesi temel iştigal alanımızı oluşturmaktadır.</p>
<p>[/vc_column_text][vc_text_separator title=&#8221;Bu kapsamda aşağıdaki hizmetler, bunlarla sınırlı olmamak üzere büromuz tarafından girişim sermayesi yatırımcılarına sağlanmaktadır:&#8221;][vc_column_text]</p>
<ul>
<li>Müvekkile özel tasarlanacak, yatırım faaliyetleri için gerekli bilumum standart dokümantasyonun hazırlanması,</li>
<li>Birlikte yatırım veya başka bir lider yatırımcı altında yatırıma girme halinde üçüncü kişilerden gelen sözleşmelerin revize edilmesi,</li>
<li>İlgili yatırım işlemleri boyunca ve öncesinde gerekebilecek hukuki incelemelerin (due diligence) yürütülmesi ve</li>
<li>Yatırım sözleşmelerinin hazırlanması, müzakere ve revize edilmesi ile kapanış süreçlerinin yürütülmesi işleri.</li>
</ul>
<p>[/vc_column_text][vc_column_text]</p>
<p class="abril">Sayılanlara ek olarak Aksan, hukukun her alanında hizmet sağlayabilen yapısı sayesinde yatırım sonrası evrede de portföy şirketlerine ilişkin süreçlerde gerekebilecek A&#8217;dan Z&#8217;ye tüm hukuk ihtiyaçlarını karşılayabilmektedir.</p>
<p class="abril">Departman genel iş bilgeliğini korumak amacıyla her daim birkaç girişimi de müvekkil portföyü içerisinde tutmakta, böylece genel olarak işi ve karşılıklı beklentileri her daim doğru okuyabilmeyi hedeflemektedir.</p>
<p>[/vc_column_text][/vc_column][/vc_row]</p>

<p>[vc_row el_class=&#8221;sdlists&#8221;][vc_column][vc_column_text] Girişim Sermayesi Yatırımları Departmanı, Aydın &amp; Aydın Hukuk Bürosu altında yalnızca kendisini bu alana adanmış çalışan bir takımdır. Bu sebeple, girişim sermayesi yatırımları alanına özgü uzmanlık gerektiren bilginin derlenmiş biçimde bulunduğu, ülkemizdeki ender çalışma gruplarından birisi&#8230;</p>
